st common divisor of 1755 and 1188.
27
What is the greatest common divisor of 149046 and 6?
6
Calculate the greatest common divisor of 3742253 and 887.
887
Calculate the greatest common factor of 31700 and 13900.
100
Calculate the greatest common divisor of 1935 and 238779.
387
What is the greatest common divisor of 629 and 26307?
37
What is the highest common factor of 412834 and 4530?
302
What is the greatest common divisor of 1115730 and 1932?
966
Calculate the greatest common divisor of 210 and 3840.
30
What is the highest common divisor of 54137 and 43?
43
What is the highest common divisor of 2018200 and 1800?
200
What is the greatest common factor of 12800 and 24200?
200
What is the greatest common divisor of 977394 and 1416?
354
Calculate the highest common divisor of 780 and 1668.
12
What is the greatest common divisor of 57 and 619419?
57
Calculate the highest common factor of 174 and 46023.
87
What is the highest common divisor of 327273 and 354?
177
Calculate the greatest common divisor of 57 and 387771.
57
What is the highest common factor of 46379 and 19?
19
What is the highest common divisor of 8636 and 15062?
34
What is the highest common factor of 1168 and 95192?
584
Calculate the highest common divisor of 13803 and 2064.
129
What is the greatest common factor of 8567 and 82375?
659
What is the greatest common divisor of 12 and 131468?
4
Calculate the greatest common divisor of 3 and 94398.
3
Calculate the greatest common divisor of 404443 and 2067.
689
What is the greatest common divisor of 6234 and 15?
3
What is the highest common divisor of 30860 and 3680?
20
What is the highest common divisor of 132 and 118756?
44
What is the greatest common factor of 812 and 559265?
203
What is the greatest common divisor of 66 and 14542?
22
What is the greatest common factor of 61303 and 286?
11
What is the highest common divisor of 13 and 73216?
13
What is the greatest common divisor of 11591 and 2546?
67
Calculate the greatest common factor of 7482 and 107938.
58
What is the highest common divisor of 1773898 and 3935?
787
Calculate the highest common factor of 66 and 403557.
33
Calculate the greatest common divisor of 164 and 322834.
82
What is the greatest common factor of 9360 and 5760?
720
Calculate the greatest common divisor of 26 and 10486.
2
Calculate the greatest common divisor of 598 and 5486.
26
Calculate the highest common factor of 962040 and 160.
40
What is the greatest common divisor of 6435 and 7095?
165
What is the greatest common factor of 936 and 2124?
36
Calculate the highest common divisor of 157344 and 1536.
96
Calculate the greatest common divisor of 875 and 106435.
35
What is the greatest common divisor of 1199 and 319?
11
What is the highest common divisor of 46423 and 13?
13
Calculate the highest common factor of 16932 and 28152.
204
Calculate the highest common factor of 38032 and 16.
16
What is the highest common factor of 1212 and 646602?
606
Calculate the highest common factor of 11436 and 13200.
12
What is the greatest common divisor of 598604 and 34?
34
Calculate the highest common divisor of 3247910 and 50.
10
What is the highest common factor of 13440 and 228?
12
What is the greatest common divisor of 382857 and 408?
51
Calculate the greatest common divisor of 19765 and 590.
295
Calculate the highest common factor of 3 and 474231.
3
What is the highest common factor of 2681 and 108006?
383
What is the highest common factor of 24 and 4584?
24
Calculate the highest common divisor of 551 and 20368.
19
Calculate the greatest common factor of 298 and 53342.
298
Calculate the highest common divisor of 8 and 3318.
2
Calculate the greatest common factor of 1346302 and 4990.
998
Calculate the highest common divisor of 126 and 62706.
42
Calculate the highest common factor of 36406 and 218.
218
Calculate the highest common divisor of 301 and 1330.
7
Calculate the highest common factor of 804 and 704103.
201
Calculate the greatest common factor of 987 and 231.
21
What is the highest common divisor of 4625 and 7375?
125
Calculate the highest common divisor of 107316 and 1188.
396
What is the highest common factor of 119380 and 47?
47
Calculate the greatest common factor of 1102 and 13452.
38
What is the highest common factor of 30848 and 42898?
482
Calculate the highest common factor of 49 and 1047.
1
What is the highest common divisor of 4375 and 2870?
35
Calculate the greatest common factor of 7137 and 5625.
9
What is the greatest common factor of 325 and 17300?
25
Calculate the greatest common factor of 244755 and 294.
147
What is the greatest common factor of 9627 and 36?
3
What is the highest common divisor of 676 and 507676?
676
Calculate the highest common factor of 16 and 3269.
1
Calculate the highest common factor of 110 and 20690.
10
Calculate the highest common factor of 32505 and 55.
55
What is the greatest common divisor of 78712 and 64?
8
Calculate the greatest common factor of 192766 and 2248.
562
What is the greatest common divisor of 1358334 and 3312?
414
What is the greatest common divisor of 15138 and 30?
6
Calculate the greatest common factor of 581 and 9047.
83
What is the greatest common factor of 2555050 and 746?
746
What is the highest common factor of 2955 and 7440?
15
What is the greatest common factor of 128 and 265088?
128
Calculate the highest common factor of 494 and 4742894.
494
Calculate the highest common divisor of 274 and 862.
2
Calculate the highest common factor of 2547560 and 40.
40
Calculate the greatest common divisor of 80 and 7864320.
80
What is the greatest common factor of 30 and 78510?
30
Calculate the highest common divisor of 11 and 49819.
11
What is the highest common divisor of 10810 and 2990?
230
What is the greatest common factor of 120 and 7125?
15
What is the greatest common factor of 148506 and 371?
53
What is the greatest common factor of 216 and 26136?
216
What is the greatest common divisor of 564 and 44838?
282
Calculate the highest common factor of 249050 and 2380.
170
What is the highest common divisor of 96521 and 8416?
263
What is the greatest common divisor of 826 and 28?
14
Calculate the greatest common divisor of 9568 and 1495.
299
Calculate the highest common divisor of 5236 and 121.
11
What is the greatest common factor of 27 and 1082187?
27
What is the greatest common divisor of 200 and 3448?
8
What is the greatest common factor of 315 and 1287342?
63
Calculate the highest common factor of 780 and 121290.
390
Calculate the highest common factor of 87 and 202855.
29
What is the greatest common factor of 11 and 13871?
11
Calculate the greatest common divisor of 481 and 509009.
37
Calculate the greatest common divisor of 105186 and 564.
282
Calculate the highest common divisor of 124 and 878.
2
What is the highest common divisor of 3302 and 650?
26
Calculate the highest common factor of 221665 and 215.
215
What is the greatest common divisor of 1675 and 8?
1
What is the highest common divisor of 17263 and 25681?
61
What is the greatest common divisor of 744 and 89?
1
What is the highest common factor of 11935 and 6160?
385
What is the greatest common factor of 2055 and 10635?
15
Calculate the greatest common divisor of 1050 and 483.
21
Calculate the highest common divisor of 1086 and 13424046.
1086
What is the greatest common factor of 273276 and 48?
12
What is the highest common divisor of 6 and 1690023?
3
What is the highest common factor of 718147 and 1011?
337
What is the highest common factor of 64 and 142496?
32
What is the greatest common factor of 1914 and 880?
22
What is the highest common divisor of 380548 and 28?
28
What is the greatest common divisor of 126768 and 2964?
228
Calculate the highest common factor of 32 and 118112.
32
What is the greatest common factor of 359733 and 363?
363
What is the highest common divisor of 661161 and 219?
219
Calculate the highest common factor of 125 and 509.
1
What is the highest common divisor of 21142986 and 214?
214
What is the highest common divisor of 243 and 164268?
243
What is the greatest common factor of 40401 and 9?
9
Calculate the highest common factor of 250 and 74.
2
Calculate the highest common divisor of 670 and 31691.
67
Calculate the greatest common divisor of 68705 and 11375.
455
W